{"id":1238,"date":"2021-08-10T04:38:54","date_gmt":"2021-08-10T04:38:54","guid":{"rendered":"https:\/\/www.deswaenhoeck.be\/die-immobilie\/"},"modified":"2022-09-29T14:06:10","modified_gmt":"2022-09-29T14:06:10","slug":"das-ferienhaus","status":"publish","type":"page","link":"https:\/\/www.deswaenhoeck.be\/de\/das-ferienhaus\/","title":{"rendered":"Das Ferienhaus"},"content":{"rendered":"<div class=\"wpb-content-wrapper\">[vc_row][vc_column]<div class=\"wpex-post-cards wpex-post-cards-template_441 wpex-relative\"><div class=\"wpex-post-cards-inner\"><div class=\"wpex-post-cards-loop wpex-post-cards-grid wpex-row wpex-clr gap-60\"><div class=\"wpex-post-cards-entry col col-1 span_1_of_2 post-1307 type-page translation_priority-36\"><div class=\"wpex-card wpex-card-template_441\"><a href=\"https:\/\/www.deswaenhoeck.be\/de\/das-ferienhaus\/land-delft-bakkershuys-16-personen\/\" aria-label=\"Land, Delft &amp; Bakkershuys (16 Personen)\" class=\"wpex-card-inner wpex-no-underline wpex-inherit-color\"><div class=\"vc_row wpb_row vc_row-fluid wpex-relative\"><div class=\"wpb_column vc_column_container vc_col-sm-12\"><div class=\"vc_column-inner\"><div class=\"wpb_wrapper\"><h3 class=\"vcex-heading vcex-heading-plain vcex-module wpex-heading wpex-text-2xl wpex-h3\"><span class=\"vcex-heading-inner wpex-inline-block\">Land, Delft &amp; Bakkershuys (16 Personen)<\/span><\/h3><figure class=\"vcex-image vcex-module room\"><div class=\"vcex-image-inner wpex-relative wpex-inline-block\"><img loading=\"lazy\" class=\"vcex-image-img wpex-align-middle\" decoding=\"async\" src=\"https:\/\/www.deswaenhoeck.be\/wp-content\/uploads\/2022\/09\/P1000465-scaled-600x400.jpg\" alt=\"\" width=\"600\" height=\"400\"><\/div><\/figure><div class=\"vcex-spacing wpex-w-100 wpex-clear\"><\/div><span href=\"https:\/\/www.deswaenhoeck.be\/de\/das-ferienhaus\/land-delft-bakkershuys-16-personen\/\" class=\"vcex-button theme-button inline\"><span class=\"vcex-button-inner theme-button-inner wpex-flex wpex-flex-wrap wpex-items-center wpex-justify-center\">Jetzt entdecken<\/span><\/span> <\/div><\/div><\/div><\/div>\r\n<\/a><\/div><\/div><div class=\"wpex-post-cards-entry col col-2 span_1_of_2 post-1299 type-page translation_priority-36\"><div class=\"wpex-card wpex-card-template_441\"><a href=\"https:\/\/www.deswaenhoeck.be\/de\/das-ferienhaus\/land-und-delftshuys-12-personen\/\" aria-label=\"Land und Delftshuys (12 Personen)\" class=\"wpex-card-inner wpex-no-underline wpex-inherit-color\"><div class=\"vc_row wpb_row vc_row-fluid wpex-relative\"><div class=\"wpb_column vc_column_container vc_col-sm-12\"><div class=\"vc_column-inner\"><div class=\"wpb_wrapper\"><h3 class=\"vcex-heading vcex-heading-plain vcex-module wpex-heading wpex-text-2xl wpex-h3\"><span class=\"vcex-heading-inner wpex-inline-block\">Land und Delftshuys (12 Personen)<\/span><\/h3><figure class=\"vcex-image vcex-module room\"><div class=\"vcex-image-inner wpex-relative wpex-inline-block\"><img loading=\"lazy\" class=\"vcex-image-img wpex-align-middle\" decoding=\"async\" src=\"https:\/\/www.deswaenhoeck.be\/wp-content\/uploads\/2022\/09\/P1200779-1-scaled-600x400.jpg\" alt=\"\" width=\"600\" height=\"400\"><\/div><\/figure><div class=\"vcex-spacing wpex-w-100 wpex-clear\"><\/div><span href=\"https:\/\/www.deswaenhoeck.be\/de\/das-ferienhaus\/land-und-delftshuys-12-personen\/\" class=\"vcex-button theme-button inline\"><span class=\"vcex-button-inner theme-button-inner wpex-flex wpex-flex-wrap wpex-items-center wpex-justify-center\">Jetzt entdecken<\/span><\/span> <\/div><\/div><\/div><\/div>\r\n<\/a><\/div><\/div><div class=\"wpex-post-cards-entry col col-1 span_1_of_2 post-1267 type-page\"><div class=\"wpex-card wpex-card-template_441\"><a href=\"https:\/\/www.deswaenhoeck.be\/de\/das-ferienhaus\/landhuys\/\" aria-label=\"Landhuys\" class=\"wpex-card-inner wpex-no-underline wpex-inherit-color\"><div class=\"vc_row wpb_row vc_row-fluid wpex-relative\"><div class=\"wpb_column vc_column_container vc_col-sm-12\"><div class=\"vc_column-inner\"><div class=\"wpb_wrapper\"><h3 class=\"vcex-heading vcex-heading-plain vcex-module wpex-heading wpex-text-2xl wpex-h3\"><span class=\"vcex-heading-inner wpex-inline-block\">Landhuys<\/span><\/h3><figure class=\"vcex-image vcex-module room\"><div class=\"vcex-image-inner wpex-relative wpex-inline-block\"><img loading=\"lazy\" class=\"vcex-image-img wpex-align-middle\" decoding=\"async\" src=\"https:\/\/www.deswaenhoeck.be\/wp-content\/uploads\/2022\/09\/001-2-600x400.jpg\" alt=\"\" width=\"600\" height=\"400\"><\/div><\/figure><div class=\"vcex-spacing wpex-w-100 wpex-clear\"><\/div><span href=\"https:\/\/www.deswaenhoeck.be\/de\/das-ferienhaus\/landhuys\/\" class=\"vcex-button theme-button inline\"><span class=\"vcex-button-inner theme-button-inner wpex-flex wpex-flex-wrap wpex-items-center wpex-justify-center\">Jetzt entdecken<\/span><\/span> <\/div><\/div><\/div><\/div>\r\n<\/a><\/div><\/div><div class=\"wpex-post-cards-entry col col-2 span_1_of_2 post-1320 type-page\"><div class=\"wpex-card wpex-card-template_441\"><a href=\"https:\/\/www.deswaenhoeck.be\/de\/das-ferienhaus\/bakkershuys\/\" aria-label=\"Bakkershuys\" class=\"wpex-card-inner wpex-no-underline wpex-inherit-color\"><div class=\"vc_row wpb_row vc_row-fluid wpex-relative\"><div class=\"wpb_column vc_column_container vc_col-sm-12\"><div class=\"vc_column-inner\"><div class=\"wpb_wrapper\"><h3 class=\"vcex-heading vcex-heading-plain vcex-module wpex-heading wpex-text-2xl wpex-h3\"><span class=\"vcex-heading-inner wpex-inline-block\">Bakkershuys<\/span><\/h3><figure class=\"vcex-image vcex-module room\"><div class=\"vcex-image-inner wpex-relative wpex-inline-block\"><img loading=\"lazy\" class=\"vcex-image-img wpex-align-middle\" decoding=\"async\" src=\"https:\/\/www.deswaenhoeck.be\/wp-content\/uploads\/2022\/09\/008-1-600x400.jpg\" alt=\"\" width=\"600\" height=\"400\"><\/div><\/figure><div class=\"vcex-spacing wpex-w-100 wpex-clear\"><\/div><span href=\"https:\/\/www.deswaenhoeck.be\/de\/das-ferienhaus\/bakkershuys\/\" class=\"vcex-button theme-button inline\"><span class=\"vcex-button-inner theme-button-inner wpex-flex wpex-flex-wrap wpex-items-center wpex-justify-center\">Jetzt entdecken<\/span><\/span> <\/div><\/div><\/div><\/div>\r\n<\/a><\/div><\/div><div class=\"wpex-post-cards-entry col col-1 span_1_of_2 post-1284 type-page\"><div class=\"wpex-card wpex-card-template_441\"><a href=\"https:\/\/www.deswaenhoeck.be\/de\/das-ferienhaus\/bb-zimmer\/\" aria-label=\"B&amp;B-Zimmer\" class=\"wpex-card-inner wpex-no-underline wpex-inherit-color\"><div class=\"vc_row wpb_row vc_row-fluid wpex-relative\"><div class=\"wpb_column vc_column_container vc_col-sm-12\"><div class=\"vc_column-inner\"><div class=\"wpb_wrapper\"><h3 class=\"vcex-heading vcex-heading-plain vcex-module wpex-heading wpex-text-2xl wpex-h3\"><span class=\"vcex-heading-inner wpex-inline-block\">B&amp;B-Zimmer<\/span><\/h3><figure class=\"vcex-image vcex-module room\"><div class=\"vcex-image-inner wpex-relative wpex-inline-block\"><img loading=\"lazy\" class=\"vcex-image-img wpex-align-middle\" decoding=\"async\" src=\"https:\/\/www.deswaenhoeck.be\/wp-content\/uploads\/2022\/09\/bb3-full-600x400.jpg\" alt=\"\" width=\"600\" height=\"400\"><\/div><\/figure><div class=\"vcex-spacing wpex-w-100 wpex-clear\"><\/div><span href=\"https:\/\/www.deswaenhoeck.be\/de\/das-ferienhaus\/bb-zimmer\/\" class=\"vcex-button theme-button inline\"><span class=\"vcex-button-inner theme-button-inner wpex-flex wpex-flex-wrap wpex-items-center wpex-justify-center\">Jetzt entdecken<\/span><\/span> <\/div><\/div><\/div><\/div>\r\n<\/a><\/div><\/div><div class=\"wpex-post-cards-entry col col-2 span_1_of_2 post-1263 type-page\"><div class=\"wpex-card wpex-card-template_441\"><a href=\"https:\/\/www.deswaenhoeck.be\/de\/das-ferienhaus\/delftshuys\/\" aria-label=\"Delftshuys\" class=\"wpex-card-inner wpex-no-underline wpex-inherit-color\"><div class=\"vc_row wpb_row vc_row-fluid wpex-relative\"><div class=\"wpb_column vc_column_container vc_col-sm-12\"><div class=\"vc_column-inner\"><div class=\"wpb_wrapper\"><h3 class=\"vcex-heading vcex-heading-plain vcex-module wpex-heading wpex-text-2xl wpex-h3\"><span class=\"vcex-heading-inner wpex-inline-block\">Delftshuys<\/span><\/h3><figure class=\"vcex-image vcex-module room\"><div class=\"vcex-image-inner wpex-relative wpex-inline-block\"><img loading=\"lazy\" class=\"vcex-image-img wpex-align-middle\" decoding=\"async\" src=\"https:\/\/www.deswaenhoeck.be\/wp-content\/uploads\/2022\/09\/006-600x400.jpg\" alt=\"\" width=\"600\" height=\"400\"><\/div><\/figure><div class=\"vcex-spacing wpex-w-100 wpex-clear\"><\/div><span href=\"https:\/\/www.deswaenhoeck.be\/de\/das-ferienhaus\/delftshuys\/\" class=\"vcex-button theme-button inline\"><span class=\"vcex-button-inner theme-button-inner wpex-flex wpex-flex-wrap wpex-items-center wpex-justify-center\">Jetzt entdecken<\/span><\/span> <\/div><\/div><\/div><\/div>\r\n<\/a><\/div><\/div><\/div><\/div><\/div>[\/vc_column][\/vc_row]\n<\/div>","protected":false},"excerpt":{"rendered":"Einrichtungen 4 Erwachsene (eventuell + 2 Kinder) leben 2 ger\u00e4umige Schlafzimmer mit Komfortable Boxspringbetten 1 Schlafsofa f\u00fcr 2 Kinder 1 Badezimmer separate Toilette voll ausgestattete offene K\u00fcche mit Wohn-und Essbereich Buchen Sie jetzt das Bauernhaus Delft","protected":false},"author":1,"featured_media":0,"parent":0,"menu_order":0,"comment_status":"closed","ping_status":"closed","template":"","meta":{"footnotes":""},"class_list":["post-1238","page","type-page","status-publish","hentry","entry","no-media"],"_links":{"self":[{"href":"https:\/\/www.deswaenhoeck.be\/de\/wp-json\/wp\/v2\/pages\/1238","targetHints":{"allow":["GET"]}}],"collection":[{"href":"https:\/\/www.deswaenhoeck.be\/de\/wp-json\/wp\/v2\/pages"}],"about":[{"href":"https:\/\/www.deswaenhoeck.be\/de\/wp-json\/wp\/v2\/types\/page"}],"author":[{"embeddable":true,"href":"https:\/\/www.deswaenhoeck.be\/de\/wp-json\/wp\/v2\/users\/1"}],"replies":[{"embeddable":true,"href":"https:\/\/www.deswaenhoeck.be\/de\/wp-json\/wp\/v2\/comments?post=1238"}],"version-history":[{"count":2,"href":"https:\/\/www.deswaenhoeck.be\/de\/wp-json\/wp\/v2\/pages\/1238\/revisions"}],"predecessor-version":[{"id":1465,"href":"https:\/\/www.deswaenhoeck.be\/de\/wp-json\/wp\/v2\/pages\/1238\/revisions\/1465"}],"wp:attachment":[{"href":"https:\/\/www.deswaenhoeck.be\/de\/wp-json\/wp\/v2\/media?parent=1238"}],"curies":[{"name":"wp","href":"https:\/\/api.w.org\/{rel}","templated":true}]}}

Einrichtungen 4 Erwachsene (eventuell + 2 Kinder) leben 2 geräumige Schlafzimmer mit Komfortable Boxspringbetten 1 Schlafsofa für 2 Kinder 1 Badezimmer separate Toilette voll ausgestattete offene Küche mit Wohn-und Essbereich Buchen Sie jetzt das Bauernhaus Delft
